36) + 2))/(28/40948131) a prime number?
True
Let x = 40 + -35. Let m(n) = -n**2 + 3*n + 16. Let k be m(x). Is 3/k*-1*-2518 composite?
False
Let j be (-29)/58*8/(-2). Is (2 - 5/j)*-110 prime?
False
Suppose 23*o - 4638658 = -59*o. Is o a composite number?
False
Suppose 5*b = 20, 478912 = 5*n - 4*b - 2332547. Is n composite?
True
Let t = 62947 + -29356. Is t a prime number?
False
Suppose -5*l - f + 29 = -4*f, 4*l = -f + 13. Suppose 3 = 4*m + l*a - 1, -a + 9 = 5*m. Suppose 0 = -s - 1, -3*z - m*s + 3955 = -0*s. Is z composite?
False
Let b(v) = -198*v - 17. Suppose 3*d = 24 - 84. Is b(d) composite?
False
Is (-4*135699/(-12))/(3/(-90)*-6) a prime number?
False
Let j(d) = -10*d + 1 + 5 - 4 + 9*d + 14*d**2. Let g be j(1). Is g/10*52/2 prime?
False
Let q(r) = r**3 - r**2 - 8*r - 10. Let l be q(4). Suppose -4*h + 14 = l. Suppose 4*j + 974 = 2*n, 3*n = h*j + 324 + 1133. Is n composite?
True
Let m be (6/(-14) - 73087/49)*4. Let g(y) = 975*y - 54. Let p be g(-9). Let u = m - p. Is u composite?
False
Let y(w) be the second derivative of 197*w**7/210 - w**6/360 - 17*w**3/6 + 14*w. Let s(v) be the second derivative of y(v). Is s(1) a composite number?
False
Let d = 13 - 9. Suppose 20 = -5*n + 3*v + 36, -4*n - v + 23 = 0. Suppose 0 = d*a - a - n*s - 2046, -4*s + 1342 = 2*a. Is a a prime number?
True
Suppose -41*n = -7*n - 5817774. Is n a composite number?
True
Suppose 0 = 5*d + 4*t - 21, 4*t + 8 + 6 = 2*d. Suppose d*o - 3*a = 3409, 0 = -5*a + 13 - 3. Is o a prime number?
True
Is (1 - -49702)*(11 + -10) prime?
False
Let w(d) = -758*d - 3117. Is w(-25) a prime number?
False
Let o(d) = d**2 + 3*d + 5. Let b be o(-2). Suppose 5*t - 2*u = -2 + 1, 2 = 4*t - b*u. Is (2292/(-8))/(t/2) prime?
False
Is (3/(-9))/((-101)/38717643) a prime number?
True
Let j(t) = -20*t - 9 - 10 + 2. Suppose 5*a = 278 - 318. Is j(a) a composite number?
True
Let z(i) = 9*i**2 - 37*i - 441. Is z(-23) prime?
True
Let b(s) = 1939*s**2 - 48*s + 6. Is b(-5) a prime number?
False
Let v be (2 + -9)/(1/(-89)). Let g = v + 5546. Is g composite?
True
Let m be (24/(-54))/((-4)/18). Suppose 0 = -4*a + 5*o - 25376, m*a - 4*a = -4*o + 12688. Let f = 9049 + a. Is f composite?
True
Let q = -288593 + 1073064. Is q a prime number?
True
Suppose 198279 = -8*l - l. Let v = 44946 + l. Is v composite?
True
Suppose 26*a - 508680 = -58178. Is a composite?
False
Let w(g) = -3478*g - 9. Let n(b) = -3477*b - 8. Let q(l) = -4*n(l) + 3*w(l). Is q(3) a prime number?
True
Suppose 2*n = -0*p + p + 466, -5*n - p = -1158. Suppose 0 = -3*a - 5*r + 933, 4*r = -2*a + 392 + n. Suppose -2*h + a = 4*h. Is h a prime number?
False
Is ((-21787)/(-1)*1)/((13 + -18)/(-5)) a prime number?
True
Let r(o) = 0*o + o**3 + 21*o + 2 + 19*o**2 + 10. Let v(x) = -x**2 - 1366*x + 6846. Let i be v(5). Is r(i) prime?
False
Suppose 43*b - 30*b - 1520363 = 653003. Is b prime?
False
Let a(y) = -y**3 - 2*y**2 + y - 4. Let l be a(-3). Suppose -4*m + 5024 = 4*d, -l*d = 4*m - 885 - 1621. Is d a composite number?
False
Suppose -2*t - 5*i + 225488 = t, 2*i = -4*t + 300674. Is t prime?
False
Let z be -5*(-14)/(-245) + 4/14. Suppose z = 5*j - 5*v - 10955, -4*v = 81*j - 77*j - 8796. Is j prime?
False
Suppose -3*w + 3*u - u - 102553 = 0, 5*w - u = -170917. Let k = -89546 - w. Is k/(-22) - 1/(-2) a composite number?
True
Let d(f) = 6*f**3 - 15*f**2 - f + 426. Let n(i) = 5*i**3 - 13*i**2 - i + 425. Let t(k) = -6*d(k) + 7*n(k). Is t(0) a composite number?
False
Let j(r) = 1177*r**2 - 45*r + 897. Is j(19) a prime number?
True
Let r be (-1)/1*0/(-3). Suppose -f = 4*m - 0*f + 184, -4*f - 16 = r. Is -254*(4 - m/(-10)) composite?
False
Suppose 0 = -3*n - 5*c - 105, 4*n + 140 = 23*c - 25*c. Let i(v) = -185*v - 188. Is i(n) prime?
True
Suppose 3*s + 204323 = u, 2015 = 2*s + 2007. Is u a composite number?
True
Let c be (90/14)/3 + (-9)/63. Suppose 4*r - c*x + 7*x = 52771, -x - 5 = 0. Is r a composite number?
True
Suppose 0 = -5*l + 25, -2*i + 5*l - 6448 = -27881. Is i a composite number?
False
Suppose -2*n - 5 + 65 = 5*k, -k = -5*n - 12. Let i be -6*((-8)/k)/1. Suppose i*h - 1072 = c, -h + 5*c = 145 - 394. Is h composite?
False
Let j = -171 + 183. Suppose j*n = 2*n + 58330. Is n a composite number?
True
Suppose -983213 - 5538269 = -22*u. Is u prime?
False
Let s = 98 + -28. Let g = 1029 + -304. Suppose -65*b = -s*b + g. Is b a composite number?
True
Let d be (-6)/((-123)/(-117) - 1). Let s = 102 + d. Is 2841/(5/s*-3) prime?
False
Let u(z) = 4*z + 2. Let j be u(1). Let s(v) be the third derivative of 29*v**5/30 - v**4/24 - v**3/6 + 2*v**2. Is s(j) prime?
True
Suppose 0*l + 5*l + 2*q = 73053, -3*q - 18 = 0. Is l composite?
True
Let m(z) = -1622*z**2 + 5*z - 5. Let s(o) = -2*o. Let b(i) = -m(i) - 2*s(i). Is b(2) a prime number?
True
Suppose 35*k - f = 30*k + 104553, 0 = -4*f + 8. Is k a composite number?
True
Is 16/(-2) - (-183913 - -12) prime?
False
Suppose -5*q = -4*w - 2898 - 19144, 2*q - 5*w - 8827 = 0. Let l be (-10)/(-75) + q/30. Suppose 3*p - l = 2*o - 3*o, -775 = -5*o - 5*p. Is o a prime number?
False
Let l(n) = 7 + 1634*n**2 + 3*n + 3*n + 2002*n**2. Is l(-1) composite?
False
Suppose -13 + 4 = q. Let v(j) = -27*j - 2. Let l be v(q). Let z = 1318 + l. Is z prime?
True
Let o(k) = 674*k + 655. Is o(15) prime?
False
Let t = 236 + -225. Suppose t*i - 2786 = 2868. Is i a prime number?
False
Let i = 939491 - -1136780. Is i a composite number?
False
Let s(x) = -3*x**2 + 4*x + 40. Let t(z) = -z**2 + 3*z + 39. Let a(n) = -2*s(n) + 3*t(n). Is a(7) composite?
False
Suppose -45480 = -79*d + 189387. Is d a prime number?
False
Let g be (-3)/((45/70)/((-18)/(-21))). Is 1371/((1 - g) + -4) a prime number?
False
Suppose 0 = 2*v + 5*k - 4244558, k - 147 = -139. Is v a composite number?
False
Is (-924855)/(-9) - (-6)/99*-11 prime?
True
Suppose 140640 = 16*l - 19472. Is l prime?
True
Let l = -1770 - -53. Let w = -326 - l. Is w prime?
False
Suppose -17*p - p - 70398 = 0. Suppose -145 + 1663 = -t. Let y = t - p. Is y a prime number?
True
Let l be 4/3 + 5655/45. Let z = 980 - l. Is z composite?
False
Is 2/(-22) + (14/77 - (-16370342)/253) prime?
False
Let h be (8/10)/(17/(-170)). Let m be (20/(-6))/(h/(-1176)). Let f = m - -713. Is f prime?
True
Is (-128)/832 + (1199514/26 - 0) composite?
True
Let l(g) = -8*g + 1361. Let d = 278 + -278. Is l(d) a composite number?
False
Let g(v) = -v**3 + 6*v**2 - v - 10. Let c be g(5). Let r(p) = 2*p**2 + 2*p + 3. Let q be r(-2). Suppose q*m - c*m = -1473. Is m composite?
False
Let f be (-42)/49 - (-90830)/14. Suppose 4*a = -9*a + f. Is a prime?
True
Let s = 932 - 543. Let x be 81 - 79 - (-731 - -3). Let o = x - s. Is o composite?
True
Let h be -1735 - (0 - 1)*7. Let k = 4747 + h. Is k prime?
True
Suppose -11*t + 15*t - 16 = 0. Suppose y - t = 5*g - 19, -3*g = -5*y - 9. Is (-3 + y)*1298/(-6) prime?
False
Suppose 31*p - 8384 - 59126 = 24963. Is p composite?
True
Suppose -2*n + 3*f = -2*f + 151, -5*n - 412 = -f. Let v = 83 + n. Suppose v = 5*g + 3*u - 28210, u - 1774 - 3870 = -g. Is g a prime number?
True
Let n = 36118 - 20885. Suppose 0 = 5*d - 4*h - n, d - 4*h - h = 3034. Is d a prime number?
True
Suppose -4*q + 25092 = -3*y, -3*q - 3*y + 4*y = -18814. Suppose -q = -5*d - i + 2278, 0 = -2*i + 6. Is d a composite number?
False
Suppose -5*w - 4*h + 51 = -0*h, 2*w + 4*h - 30 = 0. Let o(u) be the first derivative of 5*u**4/4 - 2*u**3/3 - 3*u**2/2 - 19*u - 7. Is o(w) a composite number?
True
Suppose 256325 = -6*p - 418435. Is (-1 - 12/(-20))*p/8 a composite number?
False
Suppose -4 = r - 29. Suppose -11859 = -g - 5*w, g - 3*w - 151 = 11732. Is (-15)/r + g/15 a prime number?
False
Suppose 6875 = t - 9499. Suppose 63680 + t = 26*p. Is p composite?
False
Let g(p) = -p + 4*p - 2 - 134*p**2 + 886*p**2. Let c be g(1). Suppose 2*f + 11 = c. Is f a prime number?
False
Let m(a) = -5*a - 134. Let h be m(-30). Is (151644/(-16))/((-12)/h) a prime number?
True
Suppose 2022773 = 3*w - 2*u, 0 = 5*w - 3*u - 3019371 - 351917. Is w prime?
False
Suppose -5*h + 36 = 2*w, 118 - 20 = 4*w - 3*h. Let s = w + -12. Suppose 14*b - 2181 = s*b. Is b prime?
True
Let f(k) = -1917*k - 1540. Is f(-75) a prime number?
False
Suppose -6 = -2*n + 4*n. Let d be (-74)/n*1*-24. Let j = -113 - d. Is j a composite number?
False
Let f = 47 + -47. Let x(r) = 2*r**2 - r + 3. Let n be x(f). Is (662/6)/(n/